{"id":2179,"date":"2018-08-03T19:47:47","date_gmt":"2018-08-03T17:47:47","guid":{"rendered":"http:\/\/217.160.185.8\/?page_id=2179"},"modified":"2025-09-13T11:39:38","modified_gmt":"2025-09-13T09:39:38","slug":"schulbusse","status":"publish","type":"page","link":"http:\/\/mein-schulbus.de\/index.php\/schulbusse\/","title":{"rendered":"SCHULBUSSE"},"content":{"rendered":"<section class=\"wpb-content-wrapper\"><p>[vc_row][vc_column][vc_column_text]<span style=\"font-size: 14pt; color: #ff0000;\"><strong>Zum 01.09.2025 ist der neue Nahverkehrsplan in Kraft getreten.<\/strong><\/span><\/p>\n<p>Bei der Umsetzung haben wir versucht, den Sch\u00fclerverkehr weitgehend wie gewohnt beizubehalten.<\/p>\n<p>Wegen der vom Nahverkehrsplan vorgeschriebenen neuen Linienf\u00fchrung \u00e4ndern sich jedoch einige Abfahrtsstellen sowie Liniennummern:<\/p>\n<p>Die Linie 261 (Ringlinie Nord) wird durch die Linie 623 (Heitersheim &#8211; M\u00fcllheim), 620 (Heitersheim &#8211; Sulzburg) und 640 (M\u00fcllheim &#8211; Sulzburg) ersetzt.<\/p>\n<p>Aus der Linie 264 wurde die Linie 644.<\/p>\n<p><strong>Im Sch\u00fclerverkehr sind die Verbindungen trotzdem wie gewohnt umstiegsfrei.<\/strong><\/p>\n<p>Neu ist die Linienf\u00fchrung innerhalb M\u00fcllheims: Die Busse fahren nicht mehr durch die Werderstra\u00dfe sondern von der Haltestelle &#8218;\u00d6stliche Allee&#8216; \u00fcber die Haltestelle &#8218;B\u00fcrgerhaus&#8216; an den Bahnhof.<\/p>\n<p>Zu den relevanten Schulzeiten fahren die Busse zus\u00e4tzlich \u00fcber das Schulzentrum &#8211; es \u00e4ndert sich f\u00fcr Sch\u00fclerinnen und Sch\u00fcler nur, dass ein Zustieg an den Haltestellen &#8218;Amtsgericht&#8216; und &#8218;Turnhalle&#8216; nicht mehr m\u00f6glich ist.<\/p>\n<p>Nachfolgend die einzelnen Verbidungen:<\/p>\n<h4>Aus dem Landkreis Breisgau-Hochschwarzwald:<\/h4>\n<p><a href=\"http:\/\/mein-schulbus.de\/index.php\/schulbusse\/fahrplaene-sulzburg-muellheim-2\/\">Sulzburg &#8211; Ballrechten-Dottingen &#8211; Laufen &#8211; Britzingen &#8211; Dattingen nach M\u00fcllheim<\/a><\/p>\n<p><a href=\"http:\/\/mein-schulbus.de\/index.php\/schulbusse\/fahrplaene-heitersheim-muellheim\/\">Heitersheim &#8211; Seefelden &#8211; Buggingen &#8211; H\u00fcgelheim nach M\u00fcllheim<\/a><\/p>\n<p><a href=\"http:\/\/mein-schulbus.de\/index.php\/schulbusse\/fahrplaene-kandern-muellheim\/\">Feldberg &#8211; V\u00f6gisheim nach M\u00fcllheim<\/a><\/p>\n<p><a href=\"http:\/\/mein-schulbus.de\/index.php\/schulbusse\/fahrplaene-obereggenen-muellheim\/\">Auggen &#8211; M\u00fcllheim<\/a><\/p>\n<h4>Aus dem Landkreis L\u00f6rrach:<\/h4>\n<p><a href=\"http:\/\/mein-schulbus.de\/index.php\/schulbusse\/fahrplaene-ortsteile-kandern-muellheim\/\">Gupf, Tannenkirch, Holzen, Riedlingen und Feuerbach nach M\u00fcllheim<\/a><\/p>\n<p><a href=\"http:\/\/mein-schulbus.de\/index.php\/schulbusse\/fahrplaene-oberes-kandertal-muellheim\/\">Malsburg-Marzell (Oberes Kandertal) nach M\u00fcllheim<\/a><\/p>\n<p><a href=\"http:\/\/mein-schulbus.de\/index.php\/schulbusse\/fahrplaene-obereggenen-muellheim\/\">Obereggenen &#8211; Liel &#8211; Schliengen &#8211; Auggen &#8211; M\u00fcllheim<\/a><\/p>\n<p><a href=\"http:\/\/mein-schulbus.de\/index.php\/schulbusse\/fahrplaene-kandern-muellheim\/\">Kandern &#8211; Sitzenkirch &#8211; Schallsingen nach M\u00fcllheim<\/a><\/p>\n<h3>Sonderbusse der Albert-Julius-Sievert Schule<\/h3>\n<p><a href=\"http:\/\/mein-schulbus.de\/index.php\/schulbusse\/fahrplaene-ajs-schule\/\">Staufen &#8211; Ballrechten-Dottingen &#8211; Sulzburg &#8211; Laufen &#8211; Britzingen &#8211; Dattingen nach M\u00fcllheim<\/a><\/p>\n<p><a href=\"http:\/\/mein-schulbus.de\/index.php\/schulbusse\/fahrplaene-ajs-schule\/\">Hartheim &#8211; Bremgarten &#8211; Bad Krozingen &#8211; Heitersheim &#8211; Buggingen &#8211; H\u00fcgelheim nach M\u00fcllheim<\/a><\/p>\n<p><a href=\"http:\/\/mein-schulbus.de\/index.php\/schulbusse\/fahrplaene-ajs-schule\/\">Mauchen &#8211; Schliengen &#8211; Auggen &#8211; Neuenburg nach M\u00fcllheim<\/a><\/p>\n<p>&nbsp;<\/p>\n<div id=\"sconnect-is-installed\" style=\"display: none;\">2.5.0.0<\/div>\n<div id=\"sconnect-is-installed\" style=\"display: none;\">2.5.0.0<\/div>\n<div id=\"sconnect-is-installed\" style=\"display: none;\">2.5.0.0<\/div>\n<div id=\"sconnect-is-installed\" style=\"display: none;\">2.5.0.0<\/div>\n<div id=\"sconnect-is-installed\" style=\"display: none;\">2.5.0.0<\/div>\n<div id=\"sconnect-is-installed\" style=\"display: none;\">2.5.0.0<\/div>\n<div id=\"sconnect-is-installed\" style=\"display: none;\">2.5.0.0<\/div>\n<div id=\"sconnect-is-installed\" style=\"display: none;\"><\/div>\n<div id=\"sconnect-is-installed\" style=\"display: none;\"><\/div>\n<div id=\"sconnect-is-installed\" style=\"display: none;\"><\/div>\n<div id=\"sconnect-is-installed\" style=\"display: none;\">2.12.0.0<\/div>\n<div id=\"sconnect-is-installed\" style=\"display: none;\">2.12.0.0<\/div>\n<div id=\"sconnect-is-installed\" style=\"display: none;\">2.12.0.0<\/div>\n<div id=\"sconnect-is-installed\" style=\"display: none;\">2.12.0.0<\/div>\n<div id=\"sconnect-is-installed\" style=\"display: none;\">2.12.0.0<\/div>\n<div id=\"sconnect-is-installed\" style=\"display: none;\">2.12.0.0<\/div>\n<div id=\"sconnect-is-installed\" style=\"display: none;\">2.12.0.0<\/div>\n<div id=\"sconnect-is-installed\" style=\"display: none;\">2.12.0.0<\/div>\n<div id=\"sconnect-is-installed\" style=\"display: none;\">2.12.0.0<\/div>\n<div id=\"sconnect-is-installed\" style=\"display: none;\">2.12.0.0<\/div>\n<div id=\"sconnect-is-installed\" style=\"display: none;\">2.12.0.0<\/div>\n<p>[\/vc_column_text][\/vc_column][\/vc_row][vc_row][vc_column][vc_column_text]<\/p>\n<div id=\"sconnect-is-installed\" style=\"display: none;\">2.5.0.0<\/div>\n<div id=\"sconnect-is-installed\" style=\"display: none;\">2.5.0.0<\/div>\n<div id=\"sconnect-is-installed\" style=\"display: none;\">2.5.0.0<\/div>\n<p>[\/vc_column_text][\/vc_column][\/vc_row][vc_row][vc_column][vc_column_text]<\/p>\n<div id=\"sconnect-is-installed\" style=\"display: none;\">2.5.0.0<\/div>\n<div id=\"sconnect-is-installed\" style=\"display: none;\">2.5.0.0<\/div>\n<p>[\/vc_column_text][\/vc_column][\/vc_row][vc_row][vc_column][vc_column_text]<\/p>\n<div id=\"sconnect-is-installed\" style=\"display: none;\">2.5.0.0<\/div>\n<p>[\/vc_column_text][\/vc_column][\/vc_row][vc_row][vc_column][vc_column_text]<\/p>\n<div id=\"sconnect-is-installed\" style=\"display: none;\">2.12.0.0<\/div>\n<p>[\/vc_column_text][\/vc_column][\/vc_row]<\/p>\n<\/section>","protected":false},"excerpt":{"rendered":"<p>[vc_row][vc_column][vc_column_text]Zum 01.09.2025 ist der neue Nahverkehrsplan in Kraft getreten. Bei der Umsetzung haben wir versucht, den Sch\u00fclerverkehr weitgehend wie gewohnt beizubehalten. Wegen der vom Nahverkehrsplan vorgeschriebenen neuen Linienf\u00fchrung \u00e4ndern sich [&hellip;]<\/p>\n","protected":false},"author":1,"featured_media":0,"parent":0,"menu_order":0,"comment_status":"open","ping_status":"open","template":"","meta":[],"_links":{"self":[{"href":"http:\/\/mein-schulbus.de\/index.php\/wp-json\/wp\/v2\/pages\/2179"}],"collection":[{"href":"http:\/\/mein-schulbus.de\/index.php\/wp-json\/wp\/v2\/pages"}],"about":[{"href":"http:\/\/mein-schulbus.de\/index.php\/wp-json\/wp\/v2\/types\/page"}],"author":[{"embeddable":true,"href":"http:\/\/mein-schulbus.de\/index.php\/wp-json\/wp\/v2\/users\/1"}],"replies":[{"embeddable":true,"href":"http:\/\/mein-schulbus.de\/index.php\/wp-json\/wp\/v2\/comments?post=2179"}],"version-history":[{"count":0,"href":"http:\/\/mein-schulbus.de\/index.php\/wp-json\/wp\/v2\/pages\/2179\/revisions"}],"wp:attachment":[{"href":"http:\/\/mein-schulbus.de\/index.php\/wp-json\/wp\/v2\/media?parent=2179"}],"curies":[{"name":"wp","href":"https:\/\/api.w.org\/{rel}","templated":true}]}}

<section class="wpb-content-wrapper"><p>[vc_row][vc_column][vc_column_text]<span style="font-size: 14pt; color: #ff0000;"><strong>Zum 01.09.2025 ist der neue Nahverkehrsplan in Kraft getreten.</strong></span></p>
<p>Bei der Umsetzung haben wir versucht, den Schülerverkehr weitgehend wie gewohnt beizubehalten.</p>
<p>Wegen der vom Nahverkehrsplan vorgeschriebenen neuen Linienführung ändern sich jedoch einige Abfahrtsstellen sowie Liniennummern:</p>
<p>Die Linie 261 (Ringlinie Nord) wird durch die Linie 623 (Heitersheim &#8211; Müllheim), 620 (Heitersheim &#8211; Sulzburg) und 640 (Müllheim &#8211; Sulzburg) ersetzt.</p>
<p>Aus der Linie 264 wurde die Linie 644.</p>
<p><strong>Im Schülerverkehr sind die Verbindungen trotzdem wie gewohnt umstiegsfrei.</strong></p>
<p>Neu ist die Linienführung innerhalb Müllheims: Die Busse fahren nicht mehr durch die Werderstraße sondern von der Haltestelle &#8218;Östliche Allee&#8216; über die Haltestelle &#8218;Bürgerhaus&#8216; an den Bahnhof.</p>
<p>Zu den relevanten Schulzeiten fahren die Busse zusätzlich über das Schulzentrum &#8211; es ändert sich für Schülerinnen und Schüler nur, dass ein Zustieg an den Haltestellen &#8218;Amtsgericht&#8216; und &#8218;Turnhalle&#8216; nicht mehr möglich ist.</p>
<p>Nachfolgend die einzelnen Verbidungen:</p>
<h4>Aus dem Landkreis Breisgau-Hochschwarzwald:</h4>
<p><a href="http://mein-schulbus.de/index.php/schulbusse/fahrplaene-sulzburg-muellheim-2/">Sulzburg &#8211; Ballrechten-Dottingen &#8211; Laufen &#8211; Britzingen &#8211; Dattingen nach Müllheim</a></p>
<p><a href="http://mein-schulbus.de/index.php/schulbusse/fahrplaene-heitersheim-muellheim/">Heitersheim &#8211; Seefelden &#8211; Buggingen &#8211; Hügelheim nach Müllheim</a></p>
<p><a href="http://mein-schulbus.de/index.php/schulbusse/fahrplaene-kandern-muellheim/">Feldberg &#8211; Vögisheim nach Müllheim</a></p>
<p><a href="http://mein-schulbus.de/index.php/schulbusse/fahrplaene-obereggenen-muellheim/">Auggen &#8211; Müllheim</a></p>
<h4>Aus dem Landkreis Lörrach:</h4>
<p><a href="http://mein-schulbus.de/index.php/schulbusse/fahrplaene-ortsteile-kandern-muellheim/">Gupf, Tannenkirch, Holzen, Riedlingen und Feuerbach nach Müllheim</a></p>
<p><a href="http://mein-schulbus.de/index.php/schulbusse/fahrplaene-oberes-kandertal-muellheim/">Malsburg-Marzell (Oberes Kandertal) nach Müllheim</a></p>
<p><a href="http://mein-schulbus.de/index.php/schulbusse/fahrplaene-obereggenen-muellheim/">Obereggenen &#8211; Liel &#8211; Schliengen &#8211; Auggen &#8211; Müllheim</a></p>
<p><a href="http://mein-schulbus.de/index.php/schulbusse/fahrplaene-kandern-muellheim/">Kandern &#8211; Sitzenkirch &#8211; Schallsingen nach Müllheim</a></p>
<h3>Sonderbusse der Albert-Julius-Sievert Schule</h3>
<p><a href="http://mein-schulbus.de/index.php/schulbusse/fahrplaene-ajs-schule/">Staufen &#8211; Ballrechten-Dottingen &#8211; Sulzburg &#8211; Laufen &#8211; Britzingen &#8211; Dattingen nach Müllheim</a></p>
<p><a href="http://mein-schulbus.de/index.php/schulbusse/fahrplaene-ajs-schule/">Hartheim &#8211; Bremgarten &#8211; Bad Krozingen &#8211; Heitersheim &#8211; Buggingen &#8211; Hügelheim nach Müllheim</a></p>
<p><a href="http://mein-schulbus.de/index.php/schulbusse/fahrplaene-ajs-schule/">Mauchen &#8211; Schliengen &#8211; Auggen &#8211; Neuenburg nach Müllheim</a></p>
<p>&nbsp;</p>
<div id="sconnect-is-installed" style="display: none;">2.5.0.0</div>
<div id="sconnect-is-installed" style="display: none;">2.5.0.0</div>
<div id="sconnect-is-installed" style="display: none;">2.5.0.0</div>
<div id="sconnect-is-installed" style="display: none;">2.5.0.0</div>
<div id="sconnect-is-installed" style="display: none;">2.5.0.0</div>
<div id="sconnect-is-installed" style="display: none;">2.5.0.0</div>
<div id="sconnect-is-installed" style="display: none;">2.5.0.0</div>
<div id="sconnect-is-installed" style="display: none;"></div>
<div id="sconnect-is-installed" style="display: none;"></div>
<div id="sconnect-is-installed" style="display: none;"></div>
<div id="sconnect-is-installed" style="display: none;">2.12.0.0</div>
<div id="sconnect-is-installed" style="display: none;">2.12.0.0</div>
<div id="sconnect-is-installed" style="display: none;">2.12.0.0</div>
<div id="sconnect-is-installed" style="display: none;">2.12.0.0</div>
<div id="sconnect-is-installed" style="display: none;">2.12.0.0</div>
<div id="sconnect-is-installed" style="display: none;">2.12.0.0</div>
<div id="sconnect-is-installed" style="display: none;">2.12.0.0</div>
<div id="sconnect-is-installed" style="display: none;">2.12.0.0</div>
<div id="sconnect-is-installed" style="display: none;">2.12.0.0</div>
<div id="sconnect-is-installed" style="display: none;">2.12.0.0</div>
<div id="sconnect-is-installed" style="display: none;">2.12.0.0</div>
<p>[/vc_column_text][/vc_column][/vc_row][vc_row][vc_column][vc_column_text]</p>
<div id="sconnect-is-installed" style="display: none;">2.5.0.0</div>
<div id="sconnect-is-installed" style="display: none;">2.5.0.0</div>
<div id="sconnect-is-installed" style="display: none;">2.5.0.0</div>
<p>[/vc_column_text][/vc_column][/vc_row][vc_row][vc_column][vc_column_text]</p>
<div id="sconnect-is-installed" style="display: none;">2.5.0.0</div>
<div id="sconnect-is-installed" style="display: none;">2.5.0.0</div>
<p>[/vc_column_text][/vc_column][/vc_row][vc_row][vc_column][vc_column_text]</p>
<div id="sconnect-is-installed" style="display: none;">2.5.0.0</div>
<p>[/vc_column_text][/vc_column][/vc_row][vc_row][vc_column][vc_column_text]</p>
<div id="sconnect-is-installed" style="display: none;">2.12.0.0</div>
<p>[/vc_column_text][/vc_column][/vc_row]</p>
</section>

<p>[vc_row][vc_column][vc_column_text]Zum 01.09.2025 ist der neue Nahverkehrsplan in Kraft getreten. Bei der Umsetzung haben wir versucht, den Schülerverkehr weitgehend wie gewohnt beizubehalten. Wegen der vom Nahverkehrsplan vorgeschriebenen neuen Linienführung ändern sich [&hellip;]</p>
