{"id":2236,"date":"2018-08-17T19:24:47","date_gmt":"2018-08-17T17:24:47","guid":{"rendered":"http:\/\/217.160.185.8\/?page_id=2236"},"modified":"2026-03-10T15:43:05","modified_gmt":"2026-03-10T14:43:05","slug":"fahrplaene-kandern-muellheim","status":"publish","type":"page","link":"http:\/\/mein-schulbus.de\/index.php\/schulbusse\/fahrplaene-kandern-muellheim\/","title":{"rendered":"Fahrpl\u00e4ne Kandern &#8211; M\u00fcllheim"},"content":{"rendered":"<section class=\"wpb-content-wrapper\"><p>[vc_row][vc_column][vc_column_text]<\/p>\n<h3>Fahrpl\u00e4ne Kandern &#8211; M\u00fcllheim<\/h3>\n<p>Verbindungen von Kandern, Sitzenkirch, Feldberg und V\u00f6gisheim nach M\u00fcllheim<\/p>\n<p>Seit 09.03.2026 ist die Vollsperrung in Sitzenkirch aufgehoben.<\/p>\n<p>Die Schulbusse fahren wieder den regul\u00e4ren Linienweg.<\/p>\n<p><span style=\"color: #ff0000;\">ACHTUNG: Dadurch sind die Abfahrten in Feldberg und V\u00f6gisheim wieder einige Minuten fr\u00fcher!<\/span><\/p>\n<p>&nbsp;<\/p>\n<div id=\"tablepress-25-scroll-wrapper\" class=\"tablepress-scroll-wrapper\">\n\n<table id=\"tablepress-25\" class=\"tablepress tablepress-id-25 tablepress-responsive\">\n<thead>\n<tr class=\"row-1 odd\">\n\t<th class=\"column-1\">Haltestelle<\/th><th colspan=\"3\" class=\"column-2\">1. Schulstunde<\/th><th colspan=\"2\" class=\"column-5\">2. Schulstunde<\/th>\n<\/tr>\n<\/thead>\n<tbody class=\"row-hover\">\n<tr class=\"row-2 even\">\n\t<td class=\"column-1\">Abfahrt<\/td><td class=\"column-2\">644\/3<\/td><td class=\"column-3\">Schulbus<br \/>\nGrundschule<\/td><td class=\"column-4\"><font color=\"red\">3 Schulbusse<\/font><\/td><td class=\"column-5\">644\/7<\/td><td class=\"column-6\">644\/9<\/td>\n<\/tr>\n<tr class=\"row-3 odd\">\n\t<td class=\"column-1\">Kandern\/Bahnhof<\/td><td class=\"column-2\">06:43<\/td><td class=\"column-3\">---<\/td><td class=\"column-4\">07:05<\/td><td class=\"column-5\">07:45<\/td><td class=\"column-6\">---<\/td>\n<\/tr>\n<tr class=\"row-4 even\">\n\t<td class=\"column-1\">Kandern\/Blumenplatz<\/td><td class=\"column-2\">06:44<\/td><td class=\"column-3\">---<\/td><td class=\"column-4\">07:06<\/td><td class=\"column-5\">07:46<\/td><td class=\"column-6\"><\/td>\n<\/tr>\n<tr class=\"row-5 odd\">\n\t<td class=\"column-1\">Sitzenkirch<\/td><td class=\"column-2\">06:48<\/td><td class=\"column-3\">---<\/td><td class=\"column-4\">07:10<\/td><td class=\"column-5\">07:50<\/td><td class=\"column-6\">---<\/td>\n<\/tr>\n<tr class=\"row-6 even\">\n\t<td class=\"column-1\">Obereggenen<\/td><td class=\"column-2\">06:54<\/td><td class=\"column-3\">---<\/td><td class=\"column-4\">---<\/td><td class=\"column-5\">07:56<\/td><td class=\"column-6\">08:16<\/td>\n<\/tr>\n<tr class=\"row-7 odd\">\n\t<td class=\"column-1\">Schallsingen<\/td><td class=\"column-2\">06:56<\/td><td class=\"column-3\">---<\/td><td class=\"column-4\">07:17<\/td><td class=\"column-5\">07:58<\/td><td class=\"column-6\">08:18<\/td>\n<\/tr>\n<tr class=\"row-8 even\">\n\t<td class=\"column-1\">Feldberg\/Kirche<\/td><td class=\"column-2\">07:00<\/td><td class=\"column-3\">07:15<\/td><td class=\"column-4\">07:19<\/td><td class=\"column-5\">08:02<\/td><td class=\"column-6\">08:20<\/td>\n<\/tr>\n<tr class=\"row-9 odd\">\n\t<td class=\"column-1\">Feldberg\/Gennenbach<\/td><td class=\"column-2\">07:02<\/td><td class=\"column-3\">07:16<\/td><td class=\"column-4\">07:21<\/td><td class=\"column-5\">08:04<\/td><td class=\"column-6\">08:23<\/td>\n<\/tr>\n<tr class=\"row-10 even\">\n\t<td class=\"column-1\">V\u00f6gisheim<\/td><td class=\"column-2\">07:05<\/td><td class=\"column-3\">07:20<\/td><td class=\"column-4\">07:24<\/td><td class=\"column-5\">08:07<\/td><td class=\"column-6\">08:25<\/td>\n<\/tr>\n<tr class=\"row-11 odd\">\n\t<td class=\"column-1\">M\u00fcllheim\/in den Weihern<br \/>\n<\/td><td class=\"column-2\">07:07<\/td><td class=\"column-3\">07:23<\/td><td class=\"column-4\">07:26<\/td><td class=\"column-5\">08:09<\/td><td class=\"column-6\">08:27<\/td>\n<\/tr>\n<tr class=\"row-12 even\">\n\t<td class=\"column-1\">M\u00fcllheim\/B\u00fcrgerhaus<\/td><td class=\"column-2\">07:09<\/td><td class=\"column-3\">07:23<\/td><td class=\"column-4\">07:28<\/td><td class=\"column-5\">08:11<\/td><td class=\"column-6\">08:28<\/td>\n<\/tr>\n<tr class=\"row-13 odd\">\n\t<td class=\"column-1\">M\u00fcllheim\/\u00d6stliche Allee<\/td><td class=\"column-2\">07:10<\/td><td class=\"column-3\">07:24<\/td><td class=\"column-4\">07:29<\/td><td class=\"column-5\">08:13<\/td><td class=\"column-6\"><\/td>\n<\/tr>\n<tr class=\"row-14 even\">\n\t<td class=\"column-1\">M\u00fcllheim\/Finanzamt<\/td><td class=\"column-2\">07:13<\/td><td class=\"column-3\">---<\/td><td class=\"column-4\">07:32<\/td><td class=\"column-5\">---<\/td><td class=\"column-6\">---<\/td>\n<\/tr>\n<tr class=\"row-15 odd\">\n\t<td class=\"column-1\">M\u00fcllheim\/Grundschule<\/td><td class=\"column-2\">---<\/td><td class=\"column-3\">07:30<\/td><td class=\"column-4\">---<\/td><td class=\"column-5\">---<\/td><td class=\"column-6\">08:35<\/td>\n<\/tr>\n<\/tbody>\n<\/table>\n\n<\/div><!-- #tablepress-25 from cache -->\n<div id=\"tablepress-26-scroll-wrapper\" class=\"tablepress-scroll-wrapper\">\n\n<table id=\"tablepress-26\" class=\"tablepress tablepress-id-26 tablepress-responsive\">\n<thead>\n<tr class=\"row-1 odd\">\n\t<th class=\"column-1\">Haltestelle<\/th><th class=\"column-2\">4. Stunde<\/th><th colspan=\"2\" class=\"column-3\">5. Stunde<\/th><th colspan=\"2\" class=\"column-5\">6. Stunde<\/th><th colspan=\"3\" class=\"column-7\">Nachmittag<\/th>\n<\/tr>\n<\/thead>\n<tbody class=\"row-hover\">\n<tr class=\"row-2 even\">\n\t<td class=\"column-1\">Abfahrt<\/td><td class=\"column-2\">644\/14<\/td><td class=\"column-3\">Schulbus 1<\/td><td class=\"column-4\">Schulbus 7<\/td><td class=\"column-5\">Schulbus 20<\/td><td class=\"column-6\">Schulbus 16<\/td><td class=\"column-7\">644\/24<\/td><td class=\"column-8\">644\/31 Richtung Schliengen<\/td><td class=\"column-9\">Schulbus Mo,Di,Do,Fr<\/td>\n<\/tr>\n<tr class=\"row-3 odd\">\n\t<td class=\"column-1\">M\u00fcllheim\/Grundschule\/AJS<\/td><td class=\"column-2\">---<\/td><td class=\"column-3\">---<br \/>\n<\/td><td class=\"column-4\">12:18<\/td><td class=\"column-5\">---<\/td><td class=\"column-6\">13:07<\/td><td class=\"column-7\">---<\/td><td class=\"column-8\">---<\/td><td class=\"column-9\">---<\/td>\n<\/tr>\n<tr class=\"row-4 even\">\n\t<td class=\"column-1\">M\u00fcllheim\/ Finanzamt<\/td><td class=\"column-2\">11:27<\/td><td class=\"column-3\">12:21<\/td><td class=\"column-4\">---<\/td><td class=\"column-5\">13:15<\/td><td class=\"column-6\">13:12<\/td><td class=\"column-7\">15:36<\/td><td class=\"column-8\">17:05<\/td><td class=\"column-9\">17:05<\/td>\n<\/tr>\n<tr class=\"row-5 odd\">\n\t<td class=\"column-1\">M\u00fcllheim\/\u00d6stliche Allee<\/td><td class=\"column-2\">11:30<\/td><td class=\"column-3\">12:24<\/td><td class=\"column-4\">---<\/td><td class=\"column-5\">---<\/td><td class=\"column-6\">13:16<\/td><td class=\"column-7\">15:40<\/td><td class=\"column-8\">17:10<\/td><td class=\"column-9\">---<\/td>\n<\/tr>\n<tr class=\"row-6 even\">\n\t<td class=\"column-1\">M\u00fcllheim\/B\u00fcrgerhaus<\/td><td class=\"column-2\">11:31<\/td><td class=\"column-3\">12:27<\/td><td class=\"column-4\">---<\/td><td class=\"column-5\">---<\/td><td class=\"column-6\">13:18<\/td><td class=\"column-7\">15:42<\/td><td class=\"column-8\">17:12<br \/>\n-> Umstieg in 644\/30 Richtung Obereggenen<\/td><td class=\"column-9\">---<\/td>\n<\/tr>\n<tr class=\"row-7 odd\">\n\t<td class=\"column-1\">M\u00fcllheim\/In den Weihern<br \/>\n<\/td><td class=\"column-2\">11:33<\/td><td class=\"column-3\">12:28<\/td><td class=\"column-4\">12:23<\/td><td class=\"column-5\">---<\/td><td class=\"column-6\">13:20<\/td><td class=\"column-7\">15:44<\/td><td class=\"column-8\">17:31<\/td><td class=\"column-9\">---<\/td>\n<\/tr>\n<tr class=\"row-8 even\">\n\t<td class=\"column-1\">V\u00f6gisheim<\/td><td class=\"column-2\">11:35<\/td><td class=\"column-3\">12:30<\/td><td class=\"column-4\">12:25<\/td><td class=\"column-5\">13:20<\/td><td class=\"column-6\">13:23<\/td><td class=\"column-7\">15:46<\/td><td class=\"column-8\">17:33<\/td><td class=\"column-9\">---<\/td>\n<\/tr>\n<tr class=\"row-9 odd\">\n\t<td class=\"column-1\">Feldberg\/Gennenbach<\/td><td class=\"column-2\">11:38<\/td><td class=\"column-3\">12:33<\/td><td class=\"column-4\">12:28<\/td><td class=\"column-5\">---<\/td><td class=\"column-6\">13:26<\/td><td class=\"column-7\">15:49<\/td><td class=\"column-8\">17:36<\/td><td class=\"column-9\">---<\/td>\n<\/tr>\n<tr class=\"row-10 even\">\n\t<td class=\"column-1\">Feldberg\/Kirche<\/td><td class=\"column-2\">11:40<\/td><td class=\"column-3\">12:34<\/td><td class=\"column-4\">12:30<\/td><td class=\"column-5\">---<\/td><td class=\"column-6\">13:28<\/td><td class=\"column-7\">15:50<\/td><td class=\"column-8\">17:38<\/td><td class=\"column-9\">---<\/td>\n<\/tr>\n<tr class=\"row-11 odd\">\n\t<td class=\"column-1\">Schallsingen<\/td><td class=\"column-2\">11:42<\/td><td class=\"column-3\">12:37<\/td><td class=\"column-4\">---<\/td><td class=\"column-5\">---<\/td><td class=\"column-6\">13:31<\/td><td class=\"column-7\">15:54<\/td><td class=\"column-8\">17:40<\/td><td class=\"column-9\">---<\/td>\n<\/tr>\n<tr class=\"row-12 even\">\n\t<td class=\"column-1\">Obereggenen<\/td><td class=\"column-2\">11:44<\/td><td class=\"column-3\">12:39<\/td><td class=\"column-4\">---<\/td><td class=\"column-5\">---<\/td><td class=\"column-6\">13:34 (Umstieg Richtung Kandern)<\/td><td class=\"column-7\">15:56<\/td><td class=\"column-8\">17:42<\/td><td class=\"column-9\">---<\/td>\n<\/tr>\n<tr class=\"row-13 odd\">\n\t<td class=\"column-1\">Sitzenkirch<\/td><td class=\"column-2\">---<\/td><td class=\"column-3\">12:44<\/td><td class=\"column-4\">---<\/td><td class=\"column-5\">---<\/td><td class=\"column-6\">13:44<\/td><td class=\"column-7\">16:01<\/td><td class=\"column-8\">---<\/td><td class=\"column-9\">---<\/td>\n<\/tr>\n<tr class=\"row-14 even\">\n\t<td class=\"column-1\">Kandern<\/td><td class=\"column-2\">---<\/td><td class=\"column-3\">12:51<\/td><td class=\"column-4\">---<\/td><td class=\"column-5\">---<\/td><td class=\"column-6\">13:51<\/td><td class=\"column-7\">16:08<\/td><td class=\"column-8\">---<\/td><td class=\"column-9\">17:45<\/td>\n<\/tr>\n<\/tbody>\n<\/table>\n\n<\/div><!-- #tablepress-26 from cache -->\n<p>&nbsp;<\/p>\n<div id=\"sconnect-is-installed\" style=\"display: none;\">2.5.0.0<\/div>\n<div id=\"sconnect-is-installed\" style=\"display: none;\">2.5.0.0<\/div>\n<div id=\"sconnect-is-installed\" style=\"display: none;\">2.5.0.0<\/div>\n<div id=\"sconnect-is-installed\" style=\"display: none;\">2.5.0.0<\/div>\n<div id=\"sconnect-is-installed\" style=\"display: none;\">2.5.0.0<\/div>\n<div id=\"sconnect-is-installed\" style=\"display: none;\">2.5.0.0<\/div>\n<p>[\/vc_column_text][\/vc_column][\/vc_row][vc_row][vc_column][vc_column_text]<\/p>\n<div id=\"sconnect-is-installed\" style=\"display: none;\">2.5.0.0<\/div>\n<div id=\"sconnect-is-installed\" style=\"display: none;\">2.5.0.0<\/div>\n<div id=\"sconnect-is-installed\" style=\"display: none;\">2.5.0.0<\/div>\n<div id=\"sconnect-is-installed\" style=\"display: none;\">2.5.0.0<\/div>\n<p>[\/vc_column_text][\/vc_column][\/vc_row]<\/p>\n<\/section>","protected":false},"excerpt":{"rendered":"<p>[vc_row][vc_column][vc_column_text] Fahrpl\u00e4ne Kandern &#8211; M\u00fcllheim Verbindungen von Kandern, Sitzenkirch, Feldberg und V\u00f6gisheim nach M\u00fcllheim Seit 09.03.2026 ist die Vollsperrung in Sitzenkirch aufgehoben. Die Schulbusse fahren wieder den regul\u00e4ren Linienweg. ACHTUNG: [&hellip;]<\/p>\n","protected":false},"author":1,"featured_media":0,"parent":2179,"menu_order":0,"comment_status":"open","ping_status":"open","template":"","meta":[],"_links":{"self":[{"href":"http:\/\/mein-schulbus.de\/index.php\/wp-json\/wp\/v2\/pages\/2236"}],"collection":[{"href":"http:\/\/mein-schulbus.de\/index.php\/wp-json\/wp\/v2\/pages"}],"about":[{"href":"http:\/\/mein-schulbus.de\/index.php\/wp-json\/wp\/v2\/types\/page"}],"author":[{"embeddable":true,"href":"http:\/\/mein-schulbus.de\/index.php\/wp-json\/wp\/v2\/users\/1"}],"replies":[{"embeddable":true,"href":"http:\/\/mein-schulbus.de\/index.php\/wp-json\/wp\/v2\/comments?post=2236"}],"version-history":[{"count":0,"href":"http:\/\/mein-schulbus.de\/index.php\/wp-json\/wp\/v2\/pages\/2236\/revisions"}],"up":[{"embeddable":true,"href":"http:\/\/mein-schulbus.de\/index.php\/wp-json\/wp\/v2\/pages\/2179"}],"wp:attachment":[{"href":"http:\/\/mein-schulbus.de\/index.php\/wp-json\/wp\/v2\/media?parent=2236"}],"curies":[{"name":"wp","href":"https:\/\/api.w.org\/{rel}","templated":true}]}}