{"id":92,"date":"2014-10-29T11:00:52","date_gmt":"2014-10-29T11:00:52","guid":{"rendered":"http:\/\/logistic.freevision.me\/?page_id=92"},"modified":"2018-08-06T11:35:52","modified_gmt":"2018-08-06T09:35:52","slug":"about-us","status":"publish","type":"page","link":"http:\/\/mein-schulbus.de\/index.php\/company\/about-us\/","title":{"rendered":"\u00dcber uns"},"content":{"rendered":"<section class=\"wpb-content-wrapper\"><p>[vc_row bg_parallax=&#8220;off&#8220; bg_scroll=&#8220;h,-1&#8243; font_color=&#8220;#ffffff&#8220; css=&#8220;.vc_custom_1530943509806{margin-top: 0px !important;margin-bottom: 0px !important;padding-top: 100px !important;padding-bottom: 100px !important;background-image: url(http:\/\/217.160.185.8\/wp-content\/uploads\/2018\/07\/Hintergrund-1.jpg?id=2003) !important;}&#8220;][vc_column][vc_column_text]<\/p>\n<h1 style=\"text-align: center;\">\u00dcber uns<\/h1>\n<h3 style=\"text-align: center;\"><span style=\"color: #34ccff;\">Will Markgr\u00e4fler Reisen ist der \u00d6PNV Dienstleister im Markgr\u00e4flerland. Wir bef\u00f6rdern t\u00e4glich mehr als 2700 Sch\u00fcler sicher zum Unterricht in 24 Schulen im Markgr\u00e4flerland und in Freiburg. Wir fahren sie zum Sport- und Schwimmunterricht und wieder zur\u00fcck nach Hause.<br \/>\n<\/span><\/h3>\n<div id=\"sconnect-is-installed\" style=\"display: none;\">2.5.0.0<\/div>\n<div id=\"sconnect-is-installed\" style=\"display: none;\">2.5.0.0<\/div>\n<div id=\"sconnect-is-installed\" style=\"display: none;\">2.5.0.0<\/div>\n<p>[\/vc_column_text][vc_row_inner][vc_column_inner width=&#8220;1\/3&#8243;]<span id=\"ozy_icon_6858\" class=\"ozy-icon  wpb_content_element align-center xxlarge clean icon oic-shop \" style=\";color:#34ccff\" ><\/span><div class=\"ozy-counter wpb_content_element \" style=\"color:#ffffff\"><div class=\"timer\" data-sign=\"\" data-signpos=\"right\" data-from=\"0\" data-to=\"24\">0<\/div><div class=\"hr\" style=\"background-color:#ffffff\"><\/div><span>Schulen im Markgr\u00e4flerland und Freiburg<\/span><\/div>[\/vc_column_inner][vc_column_inner width=&#8220;1\/3&#8243;]<span id=\"ozy_icon_966\" class=\"ozy-icon  wpb_content_element align-center xxlarge clean icon oic-users-1 \" style=\";color:#34ccff\" ><\/span><div class=\"ozy-counter wpb_content_element \" style=\"color:#ffffff\"><div class=\"timer\" data-sign=\"\" data-signpos=\"right\" data-from=\"0\" data-to=\"2750\">0<\/div><div class=\"hr\" style=\"background-color:#ffffff\"><\/div><span>SCH\u00dcLER PRO TAG<\/span><\/div>[\/vc_column_inner][vc_column_inner width=&#8220;1\/3&#8243;]<span id=\"ozy_icon_1455\" class=\"ozy-icon  wpb_content_element align-center xxlarge clean icon oic-flaticon6-minibus \" style=\";color:#34ccff\" ><\/span><div class=\"ozy-counter wpb_content_element \" style=\"color:#ffffff\"><div class=\"timer\" data-sign=\"\" data-signpos=\"right\" data-from=\"0\" data-to=\"1069037\">0<\/div><div class=\"hr\" style=\"background-color:#ffffff\"><\/div><span>PERSONEN PRO JAHR<\/span><\/div>[\/vc_column_inner][\/vc_row_inner][\/vc_column][\/vc_row][vc_row bg_parallax=&#8220;off&#8220; css=&#8220;.vc_custom_1414616349744{margin-top: 0px !important;margin-bottom: 0px !important;padding-top: 60px !important;padding-bottom: 0px !important;}&#8220;][vc_column width=&#8220;1\/2&#8243;][vc_single_image image=&#8220;1907&#8243; img_size=&#8220;full&#8220; alignment=&#8220;center&#8220; css=&#8220;.vc_custom_1530474627963{margin-bottom: 0px !important;padding-bottom: 0px !important;}&#8220;][\/vc_column][vc_column width=&#8220;1\/2&#8243;][vc_column_text css=&#8220;.vc_custom_1533546407924{margin-bottom: 0px !important;padding-bottom: 0px !important;}&#8220;]<\/p>\n<h3><span style=\"color: #003366;\">Linienverkehr im Markgr\u00e4flerland seit 1929 &#8211; Wir bewegen Sie zwischen Sulzburg, Heitersheim, M\u00fcllheim, Schliengen und Kandern.<br \/>\n<\/span><\/h3>\n<div id=\"sconnect-is-installed\" style=\"display: none;\">2.5.0.0<\/div>\n<div id=\"sconnect-is-installed\" style=\"display: none;\">2.5.0.0<\/div>\n<p>[\/vc_column_text][vc_separator][vc_column_text]<\/p>\n<h5>Egal ob zur Schule, zur Arbeit oder in der Freizeit. Wir bef\u00f6rdern Sie sicher und zuverl\u00e4ssig im Markgr\u00e4flerland. Mit 22 Fahrzeugen und einer maximalen Bef\u00f6rderungskapazit\u00e4t von \u00fcber 2.000 Personen sind wir f\u00fcr Sie unterwegs<\/h5>\n<div id=\"sconnect-is-installed\" style=\"display: none;\">2.5.0.0<\/div>\n<div id=\"sconnect-is-installed\" style=\"display: none;\">2.5.0.0<\/div>\n<p>[\/vc_column_text][\/vc_column][\/vc_row][vc_row bg_parallax=&#8220;off&#8220; css=&#8220;.vc_custom_1461015371423{margin-top: 0px !important;margin-bottom: 0px !important;padding-top: 60px !important;}&#8220;][vc_column width=&#8220;2\/3&#8243;]<h3 class=\"ozy-divider-cap-left wpb_content_element\">Unsere Werte<\/h3><div class=\"ozy-content-divider \" style=\"border-top-style:solid;border-top-width:2px;border-top-color:#34ccff;width:40px;max-width:40px;float:left;\"><\/div><div style=\"height:30px\" class=\"ozy-spacer\"><\/div>[vc_tabs interval=&#8220;3&#8243;][vc_tab title=&#8220;Sicherheit&#8220; tab_id=&#8220;1414616520-1-10&#8243;][vc_column_text]Neuste Fahrzeuge &#8211; h\u00f6chster Standard. Unsere Fahrzeuge werden in der betriebseigenen Werkstatt gewartet. Kurze Wege und langj\u00e4hriges Know-How garantieren h\u00f6chste Fahrzeugverf\u00fcgbarkeit und besten Komfort. Wir l\u00f6sen Probleme anstatt sie auszusitzen.<\/p>\n<div id=\"sconnect-is-installed\" style=\"display: none;\">2.5.0.0<\/div>\n<div id=\"sconnect-is-installed\" style=\"display: none;\">2.5.0.0<\/div>\n<p>[\/vc_column_text][\/vc_tab][vc_tab title=&#8220;Vertrauen&#8220; tab_id=&#8220;1414616651223-2-1&#8243;][vc_column_text]Wir wissen, welche \u201eFracht\u201c wir jeden Tag auf unseren Sitzen haben: n\u00e4mlich die wertvollste, die jede Familie hat. Also setzen wir erfahrene Chauffeure ein, achten genau darauf, dass unsere Fahrzeuge technisch einwandfrei laufen und nehmen unsere Aufgabe sehr ernst.<\/p>\n<div id=\"sconnect-is-installed\" style=\"display: none;\">2.5.0.0<\/div>\n<p>[\/vc_column_text][\/vc_tab][vc_tab title=&#8220;Zuverl\u00e4ssigkeit&#8220; tab_id=&#8220;1414616654214-3-6&#8243;][vc_column_text]Unsere Mitarbeiter arbeiten im Durchschnitt schon seit 15 Jahren f\u00fcr das Unternehmen, die Busse sind durchschnittlich erst drei Jahre alt und s\u00e4mtliche Reparaturen und Wartungsarbeiten finden in unserer eigenen Werkstatt statt, die von Daimler f\u00fcr diese Zwecke anerkannt wurde. W\u00e4hrend der Fahrt sind unsere Chauffeure ansprechbar und aufmerksam. Sie reagieren, wenn zwischen den Sch\u00fclern Probleme auftreten.<\/p>\n<div id=\"sconnect-is-installed\" style=\"display: none;\">2.5.0.0<\/div>\n<p>[\/vc_column_text][\/vc_tab][\/vc_tabs][\/vc_column][vc_column width=&#8220;1\/3&#8243;][\/vc_column][\/vc_row]<\/p>\n<\/section>","protected":false},"excerpt":{"rendered":"<p>[vc_row bg_parallax=&#8220;off&#8220; bg_scroll=&#8220;h,-1&#8243; font_color=&#8220;#ffffff&#8220; css=&#8220;.vc_custom_1530943509806{margin-top: 0px !important;margin-bottom: 0px !important;padding-top: 100px !important;padding-bottom: 100px !important;background-image: url(http:\/\/217.160.185.8\/wp-content\/uploads\/2018\/07\/Hintergrund-1.jpg?id=2003) !important;}&#8220;][vc_column][vc_column_text] \u00dcber uns Will Markgr\u00e4fler Reisen ist der \u00d6PNV Dienstleister im Markgr\u00e4flerland. Wir bef\u00f6rdern t\u00e4glich mehr [&hellip;]<\/p>\n","protected":false},"author":1,"featured_media":0,"parent":88,"menu_order":0,"comment_status":"open","ping_status":"open","template":"","meta":[],"_links":{"self":[{"href":"http:\/\/mein-schulbus.de\/index.php\/wp-json\/wp\/v2\/pages\/92"}],"collection":[{"href":"http:\/\/mein-schulbus.de\/index.php\/wp-json\/wp\/v2\/pages"}],"about":[{"href":"http:\/\/mein-schulbus.de\/index.php\/wp-json\/wp\/v2\/types\/page"}],"author":[{"embeddable":true,"href":"http:\/\/mein-schulbus.de\/index.php\/wp-json\/wp\/v2\/users\/1"}],"replies":[{"embeddable":true,"href":"http:\/\/mein-schulbus.de\/index.php\/wp-json\/wp\/v2\/comments?post=92"}],"version-history":[{"count":0,"href":"http:\/\/mein-schulbus.de\/index.php\/wp-json\/wp\/v2\/pages\/92\/revisions"}],"up":[{"embeddable":true,"href":"http:\/\/mein-schulbus.de\/index.php\/wp-json\/wp\/v2\/pages\/88"}],"wp:attachment":[{"href":"http:\/\/mein-schulbus.de\/index.php\/wp-json\/wp\/v2\/media?parent=92"}],"curies":[{"name":"wp","href":"https:\/\/api.w.org\/{rel}","templated":true}]}}

Über uns

<section class="wpb-content-wrapper"><p>[vc_row bg_parallax=&#8220;off&#8220; bg_scroll=&#8220;h,-1&#8243; font_color=&#8220;#ffffff&#8220; css=&#8220;.vc_custom_1530943509806{margin-top: 0px !important;margin-bottom: 0px !important;padding-top: 100px !important;padding-bottom: 100px !important;background-image: url(http://217.160.185.8/wp-content/uploads/2018/07/Hintergrund-1.jpg?id=2003) !important;}&#8220;][vc_column][vc_column_text]</p>
<h1 style="text-align: center;">Über uns</h1>
<h3 style="text-align: center;"><span style="color: #34ccff;">Will Markgräfler Reisen ist der ÖPNV Dienstleister im Markgräflerland. Wir befördern täglich mehr als 2700 Schüler sicher zum Unterricht in 24 Schulen im Markgräflerland und in Freiburg. Wir fahren sie zum Sport- und Schwimmunterricht und wieder zurück nach Hause.<br />
</span></h3>
<div id="sconnect-is-installed" style="display: none;">2.5.0.0</div>
<div id="sconnect-is-installed" style="display: none;">2.5.0.0</div>
<div id="sconnect-is-installed" style="display: none;">2.5.0.0</div>
<p>[/vc_column_text][vc_row_inner][vc_column_inner width=&#8220;1/3&#8243;]<span id="ozy_icon_6858" class="ozy-icon  wpb_content_element align-center xxlarge clean icon oic-shop " style=";color:#34ccff" ></span><div class="ozy-counter wpb_content_element " style="color:#ffffff"><div class="timer" data-sign="" data-signpos="right" data-from="0" data-to="24">0</div><div class="hr" style="background-color:#ffffff"></div><span>Schulen im Markgräflerland und Freiburg</span></div>[/vc_column_inner][vc_column_inner width=&#8220;1/3&#8243;]<span id="ozy_icon_966" class="ozy-icon  wpb_content_element align-center xxlarge clean icon oic-users-1 " style=";color:#34ccff" ></span><div class="ozy-counter wpb_content_element " style="color:#ffffff"><div class="timer" data-sign="" data-signpos="right" data-from="0" data-to="2750">0</div><div class="hr" style="background-color:#ffffff"></div><span>SCHÜLER PRO TAG</span></div>[/vc_column_inner][vc_column_inner width=&#8220;1/3&#8243;]<span id="ozy_icon_1455" class="ozy-icon  wpb_content_element align-center xxlarge clean icon oic-flaticon6-minibus " style=";color:#34ccff" ></span><div class="ozy-counter wpb_content_element " style="color:#ffffff"><div class="timer" data-sign="" data-signpos="right" data-from="0" data-to="1069037">0</div><div class="hr" style="background-color:#ffffff"></div><span>PERSONEN PRO JAHR</span></div>[/vc_column_inner][/vc_row_inner][/vc_column][/vc_row][vc_row bg_parallax=&#8220;off&#8220; css=&#8220;.vc_custom_1414616349744{margin-top: 0px !important;margin-bottom: 0px !important;padding-top: 60px !important;padding-bottom: 0px !important;}&#8220;][vc_column width=&#8220;1/2&#8243;][vc_single_image image=&#8220;1907&#8243; img_size=&#8220;full&#8220; alignment=&#8220;center&#8220; css=&#8220;.vc_custom_1530474627963{margin-bottom: 0px !important;padding-bottom: 0px !important;}&#8220;][/vc_column][vc_column width=&#8220;1/2&#8243;][vc_column_text css=&#8220;.vc_custom_1533546407924{margin-bottom: 0px !important;padding-bottom: 0px !important;}&#8220;]</p>
<h3><span style="color: #003366;">Linienverkehr im Markgräflerland seit 1929 &#8211; Wir bewegen Sie zwischen Sulzburg, Heitersheim, Müllheim, Schliengen und Kandern.<br />
</span></h3>
<div id="sconnect-is-installed" style="display: none;">2.5.0.0</div>
<div id="sconnect-is-installed" style="display: none;">2.5.0.0</div>
<p>[/vc_column_text][vc_separator][vc_column_text]</p>
<h5>Egal ob zur Schule, zur Arbeit oder in der Freizeit. Wir befördern Sie sicher und zuverlässig im Markgräflerland. Mit 22 Fahrzeugen und einer maximalen Beförderungskapazität von über 2.000 Personen sind wir für Sie unterwegs</h5>
<div id="sconnect-is-installed" style="display: none;">2.5.0.0</div>
<div id="sconnect-is-installed" style="display: none;">2.5.0.0</div>
<p>[/vc_column_text][/vc_column][/vc_row][vc_row bg_parallax=&#8220;off&#8220; css=&#8220;.vc_custom_1461015371423{margin-top: 0px !important;margin-bottom: 0px !important;padding-top: 60px !important;}&#8220;][vc_column width=&#8220;2/3&#8243;]<h3 class="ozy-divider-cap-left wpb_content_element">Unsere Werte</h3><div class="ozy-content-divider " style="border-top-style:solid;border-top-width:2px;border-top-color:#34ccff;width:40px;max-width:40px;float:left;"></div><div style="height:30px" class="ozy-spacer"></div>[vc_tabs interval=&#8220;3&#8243;][vc_tab title=&#8220;Sicherheit&#8220; tab_id=&#8220;1414616520-1-10&#8243;][vc_column_text]Neuste Fahrzeuge &#8211; höchster Standard. Unsere Fahrzeuge werden in der betriebseigenen Werkstatt gewartet. Kurze Wege und langjähriges Know-How garantieren höchste Fahrzeugverfügbarkeit und besten Komfort. Wir lösen Probleme anstatt sie auszusitzen.</p>
<div id="sconnect-is-installed" style="display: none;">2.5.0.0</div>
<div id="sconnect-is-installed" style="display: none;">2.5.0.0</div>
<p>[/vc_column_text][/vc_tab][vc_tab title=&#8220;Vertrauen&#8220; tab_id=&#8220;1414616651223-2-1&#8243;][vc_column_text]Wir wissen, welche „Fracht“ wir jeden Tag auf unseren Sitzen haben: nämlich die wertvollste, die jede Familie hat. Also setzen wir erfahrene Chauffeure ein, achten genau darauf, dass unsere Fahrzeuge technisch einwandfrei laufen und nehmen unsere Aufgabe sehr ernst.</p>
<div id="sconnect-is-installed" style="display: none;">2.5.0.0</div>
<p>[/vc_column_text][/vc_tab][vc_tab title=&#8220;Zuverlässigkeit&#8220; tab_id=&#8220;1414616654214-3-6&#8243;][vc_column_text]Unsere Mitarbeiter arbeiten im Durchschnitt schon seit 15 Jahren für das Unternehmen, die Busse sind durchschnittlich erst drei Jahre alt und sämtliche Reparaturen und Wartungsarbeiten finden in unserer eigenen Werkstatt statt, die von Daimler für diese Zwecke anerkannt wurde. Während der Fahrt sind unsere Chauffeure ansprechbar und aufmerksam. Sie reagieren, wenn zwischen den Schülern Probleme auftreten.</p>
<div id="sconnect-is-installed" style="display: none;">2.5.0.0</div>
<p>[/vc_column_text][/vc_tab][/vc_tabs][/vc_column][vc_column width=&#8220;1/3&#8243;][/vc_column][/vc_row]</p>
</section>

<p>[vc_row bg_parallax=&#8220;off&#8220; bg_scroll=&#8220;h,-1&#8243; font_color=&#8220;#ffffff&#8220; css=&#8220;.vc_custom_1530943509806{margin-top: 0px !important;margin-bottom: 0px !important;padding-top: 100px !important;padding-bottom: 100px !important;background-image: url(http://217.160.185.8/wp-content/uploads/2018/07/Hintergrund-1.jpg?id=2003) !important;}&#8220;][vc_column][vc_column_text] Über uns Will Markgräfler Reisen ist der ÖPNV Dienstleister im Markgräflerland. Wir befördern täglich mehr [&hellip;]</p>
